 + 17 + (9 - 113)))
-49
What is -273 + 278 + (-1 - -2) + (13 - -41)?
60
-1061 - -1158 - (-2 - -56)
43
Calculate (-41 - (-5 - 9)) + (-5 + 0 - (20 - 23)).
-29
What is 11 - ((6 - (11 - 1)) + 2) - 21 - -34?
26
Evaluate 49 + -21 + 2 + -1 + -3.
26
Evaluate (8 - -36) + 33 + (2 - -1) + 5 + -8.
77
0 + -84 + 10 + (-2 - 13 - -9)
-80
What is (-80 + 19 - -103) + 1 + (2 + -2 - -2)?
45
What is the value of (4 - -4) + (9 - (52 - 42))?
7
Evaluate 77 - ((78 - -15) + -9).
-7
What is the value of (46 + (33 - 57) - (1 - -20)) + 0 + -113?
-112
Evaluate -3 + 47 - (5 + 0 - (31 - 27) - 2).
45
Calculate -42 - -34 - (-6 + -44 + (5 - 5) + -3).
45
What is the value of (29 + -8 - (20 - 32)) + -3 + 2 + 9?
41
Evaluate (-19 - -31) + 4 + 11 + 0.
27
Calculate -8 + 1 - (-16 - (32 + 75 + -7)).
109
Calculate -90 + 1 + (-218 - -385).
78
Calculate (9 - -2) + -2 + 3 - (-68 - (-10 + 16)).
86
Evaluate -95 + (20 - -39) + 117.
81
Calculate -1 + 2 + 3 + 5 + (24 - (69 - -9)).
-45
Calculate 17 - 73 - ((-19 - -28) + -10 - -7).
-62
Evaluate (13 - 26 - -11) + (-7 - (-8 + -5)) + -13.
-9
Calculate 66 + (9 - 0) + 17 + -16 + (-24 - -23).
75
-23 + 5 + -51 + 0
-69
Calculate 2 - -8 - (6 + -122 + 166).
-40
Evaluate 97 + -46 + (-21 - -69) - 35.
64
Evaluate (6 - 135) + 10 + (-7 - 0 - (-32 + 24)).
-118
What is the value of 1 + 5 - (-21 - -5) - -10?
32
What is the value of (-236 - -161 - -128) + -108?
-55
Evaluate 28 - (-18 + (31 - 1)).
16
Calculate 7 + -12 + 0 + 11 + 0 - 3 - -42.
45
What is 0 + (-98 - -85 - 9)?
-22
-3 - -2 - (-14 - (-18 - (-20 - -9)))
6
What is -538 + 516 + (-3 - -6) + -56?
-75
Evaluate 45 - (-19 - ((8 - 10) + -31)).
31
Calculate 19 + -26 - (-1 + 0 + -21 + -11).
26
What is (-10 - 3) + (7 + (3 - -4) - 38)?
-37
Evaluate (-7 - ((-1 - (27 - 3)) + 12)) + -2.
4
What is (13 - -36) + -39 + 3 + 0 + -8?
5
(97 - 100) + (64 - (-4 + 4) - (8 - 4))
57
What is the value of -6 - (-15 + 20 + -16 + -7)?
12
Evaluate -12 + -33 + 36 + 1 + 20 - 54.
-42
Calculate 17 + -5 - 4 - (-12 + 3 + -53).
70
What is the value of (-1 - 10) + 54 + (-23 - 17)?
3
Evaluate 165 + (4 - 85) + -91.
-7
Calculate 1 + -11 + -3 + 5 + 16 + -6 + -12.
-10
Evaluate 2 + 2 - -28 - (0 + 21 - (-372 + 380)).
19
(-14 - -2) + (-668 - -603)
-77
14 + -20 + (1 - -13) - 1
7
Calculate 20 - 28 - (-2 - 19) - (87 - 160).
86
What is 7 + 1 + (-17 - ((26 - 21) + 2))?
-16
What is 40 + (-6 - -4) - (-18 - (-14 + -13))?
29
Calculate 5 + (10 - (-2 + -3) - -8 - 79).
-51
-20 + 14 - (29 + 7 - 3)
-39
What is the value of 0 + -1 + -17 - (233 + -201 - 133)?
83
What is the value of (2 - 10 - (-66 + 47)) + 53?
64
(-1 + -47 + 25 - 50) + (-1 - -16)
-58
What is the value of 61 + -4 + (-9 - (-11 - -14 - -1)) + 11?
55
Calculate 7 + (2 - 8 - 5) + (98 - 143).
-49
Calculate (6 + 4 - (13 - 8)) + 8 + (-4 - -11).
20
-10 - (-17 - (-26 + (22 - -3))) - (-75 + -1)
82
Evaluate -1974 + 1981 + (6 - -61).
74
What is -3 + 2 - (-9 + (-23 - -16)) - 7?
8
74 - (-11 + (7 - -17))
61
Evaluate -4 - -12 - (-6 + (-6 - -10) + 9 - 45).
46
Calculate -642 - -568 - (-41 - -1).
-34
What is the value of -16 + (-2 + -1 - ((1 - -1) + 2))?
-23
-37 + 6 - -3 - (22 - (-6 + 18))
-38
Evaluate -71 - ((65 - 65) + 29).
-100
What is 186 + -116 + -62 + (2 + (2 - -2) - 0)?
14
(-33 - 22) + 37 - 19
-37
Calculate -15 + 58 + -1 + 6 + (-12 - -5).
41
What is the value of (-2 - (0 + 8)) + (-318 - -339) - -28?
39
-12 + (21 - (1 - -24)) + 49
33
Evaluate (96 - 78) + (46 - -1).
65
What is the value of -101 - (-23 + -57 - 3)?
-18
What is the value of 7 + 0 + -2 - (-21 - -23 - 12)?
15
What is the value of (111 - 59) + -54 + -8 + 1 + 1 + -1?
-9
What is the value of (-8 - (4 + -11 + 8 + -2)) + 65?
58
What is 66 + (22 - (104 + -59))?
43
What is (-213 + 58 - -86) + 2 + 6?
-61
What is the value of (7 - 112) + -29 + (43 - 29) + (1 - -19)?
-100
What is the value of 27 + -17 + 5 + 0 + -2 + 4?
17
What is -104 + -1 + -2 + 1 + 7622 + -7636?
-120
What is 36 + 9 + 43 + -132 + -41?
-85
What is the value of -60 + 43 + 1 + (-28 - -1)?
-43
Evaluate 606 - 643 - (4 + 1 - (-7 + 4 + 5)).
-40
Calculate (-89 - (33 + -48 + 21)) + 44.
-51
What is the value of (9 - 9) + -22 + 0 - (-22 - -15)?
-15
What is the value of 114 + (-81 - -43) + 0?
76
-26 - (-54 - -75) - (2 - (1 - -11))
-37
(294 - (77 - -75)) + -215
-73
(-18 - -63) + -88 + 64
21
What is -237 + 175 - (-3 + -41)?
-18
What is 55 - (14 - -15) - (2 + 27) - (-1 + 16)?
-18
What is the value of (20 - 11) + (-13 - -13 - 39)?
-30
Calculate (16 + -45 - (4 - -8 - 29)) + 3.
-9
What is the value of -664 - -663 - (-3 + 2 + 5)?
-5
Calculate -11471 + 11507 + 91 + (1 - 0).
128
What is -206 + 197 + -1 + -3 - -12 - -15?
14
(-9 - -14) + (15 + -3 - (-100 - -26))
91
What is the value of (-289 - -234) + (1 - (25 + -1))?
-78
What is -57 + (-20 + 19 - -37)?
-21
What is -9 + (345 - 357 - (-1 + 1) - -5)?
-16
What is -1 + 27 + (1554 - 1621)?
-41
Evaluate (94 - (53 - -10)) + (15 - ((-2 - -1) + 4)).
43
Calculate (-15 - -21 - 1) + 4 + -52 - -12.
-31
What is (9 + -1 - (-2 + -11 + 20 + -4)) + 1?
6
(-20 - -130) + -25 + (-24 - -30) + -5
86
Evaluate 17 + (-3 - -2) - (-59 - (-160 - -94)).
9
Calculate 4 + (12 + -13 - 13) + (-4 - (3 - 65)).
48
(1 - -35) + (-866 - -798)
-32
21 + (-27 - -11) - (-32 + -65)
102
What is the value of 66 + 117 + -27 + -150?
6
Calculate 48 + -1 + 3 - (1 + -24 - (654 + -670)).
57
-6 - -45 - (446 + -407)
0
Calculate (-102 - 1) + (-7377 - -7427).
-53
-7 - (-2 - ((-15 - -11 - 7) + -21))
-37
Calculate (0 - -4) + 23 - (8 + -5) - (-8 + 2).
30
Evaluate (119 - 240) + -8 + 111.
-18
Calculate 1 - 4 - (13 + -13 + -23 + 31).
-11
Evaluate (-6907 - -6810) + -2 + 85.
-14
229 - (-499 - -732) - ((-1 - 50) + 1 + 0)
46
What is the value of -7 + 9 - (1 - (-84 - (-2 - 1))) - -4?
-76
16 + -16 + -4 + -2 + 30 - (-46 + 50)
20
-18 - ((52 - -19) + -51)
-38
Evaluate (44 - (73 - -12)) + 14 + -8 + 1 + 2.
-32
Evaluate -43 + (17 - (14 + (8 - 10))).
-38
What is the value of 5 + 36 + -69 + -33 - (-2 - -15)?
-74
What is -39 + 35 + 20 - (1 - 29)?
44
73 - (-3 + 18 + 29 + -24)
53
Calculate 33 - (10 + 20) - 82.
-79
Evaluate 43 + -80 + 81 - -25.
69
What is the value of (0 - -4) + (3 - 1) + -7 + (8 - 54)?
-47
What is 5 + 59 + -98 + 96?
62
Evaluate (9 - -3) + (-6 - -4) - (31 - 8).
-13
Evaluate 27 - (20 - (1 - 29)).
-21
Evaluate (0 - 7) + (-1 - 1 - (52 + -12 - 47)).
-2
192 + 0 - (-2 - (-15 - 34))
145
Evaluate -104 + 105 + 13 + 98 + 5.
117
Evaluate -56 + ((-2 - -5) + -4 - -8) + 0 + -1.
-50
-4 + 2 + (9 - ((122 - (1 + 7)) + -15))
-92
Evaluate 57 + (-10 - (-23 - -25)) + -11.
34
What is -70 + 74 + -57 - -101?
48
Evaluate 26 - (-6 - -17 - 20) - -23.
58
Calculate 2 - ((-1 - 5) + 23 + -9 + -12).
6
-79 - ((-64 - -23) + 153 + -67)
-124
Evaluate (47 + -9 - 9) + 81 + -8.
102
What is -2 - 12 - 7 - (-5 + -1 + 1)?
-16
(-16 - -28) + -123 - -62
-49
Calculate 1 - -56 - ((-53 - 0) + 529 + -490).
71
What is the value of -31 - (3 - 3) - (2 + -3 + 47 + -45)?
-32
Calculate (47 - 144 - 6) + -3.
-106
What is the value of -1 + 29 + (-236 - -47 - -159)?
-2
What is the value of -101 + 26 + (-12 - 11) + 2?
-96
Evaluate 61 + (-98 + 59 - 35).
-13
Calculate (4 - (-7 - -2)) + 5 + -9 - (-14 + -1).
20
What is -9 + -23 - (34 + -52) - 30?
-44
Evaluate 12 + (66 + -35 - 44 - (-12 - 1)).
12
Evaluate 6 + 14 - ((0 - 22) + 26 - -121).
-105
What is the value of -5 + (26 - (-31 - -42))?
10
What is (60 + 61 - 126) + -89?
-94
(73 - 87) + (-12 - -33)
7
What is -5 + (9 - (13 + -3)) + 58 + (6 - 3)?
55
What is (-57 - -36) + (-7 - (-3 + -12)) + -1?
-14
1 + 48 + (1 + (4 - (14 - -1)) - -9)
48
What is the value of -2 - 4 - (-254 - -289)?
-41
Calculate 14 - (-27 + 14) - (139 + -177).
65
What is 30 - ((-11 - (5 + -14 + -5)) + 4)?
23
Calculate ((-3 - -4) + 8 - 2) + (-10 - -11) - -26.
34
56 + -44 - ((-15 - -8 - -7) + -5)
17
Evaluate 1852 + -1952 - (0 + -12).
-88
Calculate -26 - (-34 - (19 - (83 + -29))).
-27
What is the value of 134 + (12 - (191 + -50))?
5
Evaluate (1 - -4) + -11 - (-214 + 264).
-56
Evaluate 66 - 17 - 37 - -14.
26
What is the value of -45 + (-10 + 63 - 31)?
-23
Calculate 8 + (-24 - ((-1 - 45) + 11)).
19
Evaluate (-7 - -23) + -5 + 16 + -35.
-8
Evaluate 15 + -11 + 11 - (-6 - 14 - -8).
27
-1 + (7 - 8 - -6) + 10 + -4
10
What is (-17 - 18 - -31) + -23?
-27
What is the value of (12 - (-24 - (-5 - 20))) + -45?
-34
Evaluate -6 - (3 - -19 - (197 + -163)).
6
-1 - 0 - -24 - (28 - 43)
38
96 + -58 - (96 + 